{"id":99,"date":"2026-03-17T10:11:23","date_gmt":"2026-03-17T10:11:23","guid":{"rendered":"https:\/\/www.hirsimaja.fi\/?page_id=99"},"modified":"2026-03-24T15:20:25","modified_gmt":"2026-03-24T15:20:25","slug":"hinnasto","status":"publish","type":"page","link":"https:\/\/www.hirsimaja.fi\/index.php\/hinnasto\/","title":{"rendered":"Juhlat"},"content":{"rendered":"\n<p class=\"has-light-green-cyan-to-vivid-green-cyan-gradient-background has-background\">Hyvel\u00e4n Hirsimajalla viihtyv\u00e4t niin lapset kuin aikuisetkin.<br>Meill\u00e4 voit viett\u00e4\u00e4 kastajaiset, lasten syntym\u00e4p\u00e4iv\u00e4t, aikuisten syntym\u00e4p\u00e4iv\u00e4t, rippijuhlat, kihlajaiset, h\u00e4\u00e4t ja jopa my\u00f6s muistotilaisuuden. <strong>&#8221;Vain mielikuvitus on rajana&#8221;<\/strong><\/p>\n\n\n\n<p class=\"has-medium-font-size\">Huomaathan, ett\u00e4 meille voit tuoda omat tarjottavat ja juotavat. <\/p>\n\n\n\n<p><\/p>\n","protected":false},"excerpt":{"rendered":"<p>Hyvel\u00e4n Hirsimajalla viihtyv\u00e4t niin lapset kuin aikuisetkin.Meill\u00e4 voit viett\u00e4\u00e4 kastajaiset, lasten syntym\u00e4p\u00e4iv\u00e4t, aikuisten syntym\u00e4p\u00e4iv\u00e4t, rippijuhlat, kihlajaiset, h\u00e4\u00e4t ja jopa my\u00f6s muistotilaisuuden. &#8221;Vain mielikuvitus on rajana&#8221; Huomaathan, ett\u00e4 meille voit tuoda omat tarjottavat ja juotavat.<\/p>\n","protected":false},"author":1,"featured_media":197,"parent":0,"menu_order":4,"comment_status":"closed","ping_status":"closed","template":"","meta":{"footnotes":""},"class_list":["post-99","page","type-page","status-publish","has-post-thumbnail","hentry"],"_links":{"self":[{"href":"https:\/\/www.hirsimaja.fi\/index.php\/wp-json\/wp\/v2\/pages\/99","targetHints":{"allow":["GET"]}}],"collection":[{"href":"https:\/\/www.hirsimaja.fi\/index.php\/wp-json\/wp\/v2\/pages"}],"about":[{"href":"https:\/\/www.hirsimaja.fi\/index.php\/wp-json\/wp\/v2\/types\/page"}],"author":[{"embeddable":true,"href":"https:\/\/www.hirsimaja.fi\/index.php\/wp-json\/wp\/v2\/users\/1"}],"replies":[{"embeddable":true,"href":"https:\/\/www.hirsimaja.fi\/index.php\/wp-json\/wp\/v2\/comments?post=99"}],"version-history":[{"count":5,"href":"https:\/\/www.hirsimaja.fi\/index.php\/wp-json\/wp\/v2\/pages\/99\/revisions"}],"predecessor-version":[{"id":216,"href":"https:\/\/www.hirsimaja.fi\/index.php\/wp-json\/wp\/v2\/pages\/99\/revisions\/216"}],"wp:featuredmedia":[{"embeddable":true,"href":"https:\/\/www.hirsimaja.fi\/index.php\/wp-json\/wp\/v2\/media\/197"}],"wp:attachment":[{"href":"https:\/\/www.hirsimaja.fi\/index.php\/wp-json\/wp\/v2\/media?parent=99"}],"curies":[{"name":"wp","href":"https:\/\/api.w.org\/{rel}","templated":true}]}}